e (10 - 12/4) + (10 - 6). Let s(y) = -13*y**2 + 48*y - 41. Let q(o) = -3*o**2 + 12*o - 10. Let i(f) = -9*q(f) + 2*s(f). Determine i(n).
-3
Let d = -30152 + 30164. Let w(o) = o**3 - 13*o**2 + 13*o + 4. Determine w(d).
16
Suppose 14*c - 128 = 10*c. Suppose a = -3*o + 8, -5*o + a + 2*a = -c. Suppose -j + 5*j = -12, o*z - j = 35. Let d(u) = -3*u + 11. Give d(z).
-13
Let p(w) be the second derivative of -w**3/6 + w**2/2 + 231*w + 12. Determine p(9).
-8
Suppose 10*n = 25*n - 15. Let q = 25 - 23. Let i(f) = n + 198*f**2 + f**3 + q*f - 193*f**2 - 6. Determine i(-5).
-15
Let h be 2*5*(-1 + 72/40). Let k(m) = 5 - 9*m**2 + h*m**2 + 8*m - 6 + 0. Determine k(7).
6
Let y(l) = -38*l + 467. Let c be y(12). Suppose -2*i - 3*d + 18 - 2 = 0, -i - 2*d + 10 = 0. Let g(b) = -29 + 12 + c*b**3 + 18 - 2*b**i. What is g(1)?
10
Let q(n) = -3*n**2 + 145*n - 43. Suppose 27*z + 257 = 1553. Let r be q(z). Let t(g) = 5*g - 21. Give t(r).
4
Let v(d) = -39*d + 822. Let r be v(21). Let c(o) be the third derivative of o**5/60 - o**4/24 + o**3/2 + 9*o**2. Give c(r).
9
Let r(l) be the first derivative of -5*l**4/12 - l**3/3 - 43*l**2 + 82. Let v(z) be the second derivative of r(z). What is v(-4)?
38
Let k(x) = 19*x**2 - 6*x + 10. Let p be k(2). Let y = p - 74. Let b(r) = -r**2 - r - 3. Determine b(y).
-3
Let q(l) be the third derivative of l**5/30 - 7*l**4/6 + l**3/2 - 1092*l**2. What is q(14)?
3
Let y(w) = -30*w**2 - 4*w - 3. Let a be y(-1). Let s = a - -22. Let k(d) be the first derivative of -d**4/4 - 2*d**3 + 4*d**2 - 3*d + 3. What is k(s)?
-10
Let f(b) be the second derivative of -b**4/3 - 7*b**3 + 17*b**2/2 - 2421*b. Determine f(-11).
-5
Let w(s) = 32*s + 6. Let t(n) = 59*n + 11. Let v(l) = 6*t(l) - 11*w(l). Determine v(-2).
-4
Let a(h) = 11*h**3 - 3*h**2 - 4*h + 2. Let l(r) = -71*r**3 + 19*r**2 + 23*r - 12. Let t(b) = -13*a(b) - 2*l(b). Calculate t(4).
-26
Let b(a) = a**2 + 12*a - 42. Suppose 11*u = i - 164, -4*i = -7*u + 5*u - 26. What is b(u)?
3
Suppose -2*o = -3*s - 9, -1 = -s - o - 9. Let t(l) = -147*l - 571. Let a(h) = -65*h - 253. Let i(w) = -9*a(w) + 4*t(w). Determine i(s).
8
Let r(h) be the first derivative of h**5/20 - h**4/3 - 5*h**2/2 - 84*h + 33. Let v(z) be the first derivative of r(z). Determine v(4).
-5
Let v = 11972 + -11972. Let n(i) = -i + 48. Determine n(v).
48
Let b(k) = k**3 - 7*k**2 + 5. Let q(u) = -3*u - 23. Let g be q(-10). Let z be b(g). Suppose -2*f = z*f. Let l(t) = -t - 4. Determine l(f).
-4
Let w = -4434 - -4438. Let g(q) be the third derivative of 1/20*q**5 + 0*q + 0 - 4*q**2 + 1/6*q**3 - 1/12*q**w. Determine g(1).
2
Let q(g) = -2*g. Let x(c) = 5713 + 3*c**2 - 5707 + c**3 + 0*c + 4*c. Let n be x(-2). Give q(n).
-4
Let r = -4327 - -6284. Suppose 5*b - r = -3*d, 4*d = b + 3559 - 919. Let g(h) = -663 + d + 2*h**3 - 7*h**2 - h**3. What is g(7)?
-4
Let v(m) = 7*m**2 - 168*m + 9*m**2 + 175*m - 5*m**2 - 6 - 4*m**3. Let l(f) = -5*f**3 + 12*f**2 + 7*f - 7. Let g(k) = 5*l(k) - 6*v(k). Determine g(-5).
11
Let j be (0 + -3)*21/9 - -2. Let k(v) be the third derivative of -v**4/24 + v**3/3 - 4*v**2. Let m(o) = 4*o - 9. Let x(z) = -9*k(z) - 2*m(z). Determine x(j).
-5
Let l(x) = x**3 + 9*x**2 - 2*x - 7. Suppose -3*u - 220 + 226 = 0. Suppose -u*p = -4*i + 2*i - 10, 0 = -i - 3*p - 21. What is l(i)?
11
Suppose 8*o = 125 + 43. Let s be (1 + (-56)/o)/((-5)/6). Let k(v) = 18*v**2 - 5*v - s*v - 31*v**2 + 12*v**2 - 4. Determine k(-7).
-4
Suppose -3*v - 6 = -p, -4*p - v = 2*v + 36. Let z be 8/p - (-124)/12. Let t(f) = f + 2. Calculate t(z).
11
Let v(l) be the first derivative of 5/3*l**3 + 4*l - 178 - l**2 + 1/4*l**4. What is v(-5)?
14
Let m(q) = 369*q + 360*q + 15 + 90 - 737*q + 30. Calculate m(15).
15
Let q(c) = -2*c**3 + 12*c**2 - 17*c - 3. Let t = 14953 - 14949. Give q(t).
-7
Let w(h) = 10*h + 216 - 34 - 229. Calculate w(5).
3
Let s(m) = 47*m - 134*m - 13 + 67*m - 3*m**2 + 43*m. Calculate s(7).
1
Let s(i) = 2*i**2 - i - 11. Let b(q) = q**2 - q - 10. Let p(h) = -3*b(h) + 2*s(h). Suppose 0 = 58*o + 48*o. Calculate p(o).
8
Let v(n) = -18*n**2 + 7*n + 4. Let x = -34 + 39. Let r(z) = 8*z**2 - 3*z - 2. Let y(l) = x*r(l) + 2*v(l). Let g = 94 + -92. What is y(g)?
12
Let i(g) = -g**3 - g**2 - g - 6. Let z(b) = -2*b**2 - 7*b - 3. Let d = -83 + 80. Let y be z(d). What is i(y)?
-6
Let j(b) be the second derivative of b**5/20 + b**4/12 + b**3/6 + 9*b**2/2 - 5*b - 6. Let n be 1 + -1 + -1 - (7 - 8). Determine j(n).
9
Let r(i) = -20*i + 247. Let v be r(13). Let z(g) = -2*g**3 - 33*g**2 - 93*g - 31. Give z(v).
-5
Let t(g) be the third derivative of g**4/8 + 7*g**3/6 - 25*g**2 - 2*g. Let v(b) = 5*b + 16. Let s(j) = -7*t(j) + 3*v(j). Determine s(2).
-13
Let w(p) = p - 1. Let n(j) = 15*j + 18*j + 25*j + 5 - 63*j. Let s(f) = -n(f) - 4*w(f). What is s(5)?
4
Let a(z) = -z**3 - 3*z + 1. Let v be a(1). Let d(j) be the third derivative of j**4/24 + j**3 - 2*j**2. Calculate d(v).
3
Let v(l) = 20 + 177*l + 179*l - 448*l + 97*l. What is v(-3)?
5
Let o(s) = 3*s**3 + s - 1. Suppose 8 - 288 = -5*a + w, 0 = -3*w. Suppose -3*b = 5*h - 80 - 66, -4*b + 233 = -h. Let d = b - a. Determine o(d).
3
Let g(q) = -q**3 + 810 - 1624 + 808 + 12*q. Give g(5).
-71
Let n be (((-5)/(-4))/1)/((-4)/(-16)). Suppose 5*g - 33 = -b, -n*b + 3*g = -8*b + 51. Let a(h) = h - 13. Calculate a(b).
0
Let n(y) = -11*y + 1. Let x(q) = q**2 - 6*q - 4. Let a be x(7). Let t be a*(-5)/15 - -2. Determine n(t).
-10
Let w(g) = 7*g**3 - 9*g**2 + 4*g + 7. Let a(n) = 17*n**3 - 19*n**2 + 7*n + 18. Let k(x) = 2*a(x) - 5*w(x). Determine k(5).
21
Let v be 1 + 1 - 11 - (-16492)/1824. Let p(m) be the third derivative of -1/6*m**3 - v*m**4 + 0 + 0*m + 13*m**2. Determine p(-6).
5
Let r(v) = v - 3. Suppose 5*a = 28 - 103. Let n be a/(-4)*(-12)/(-9). Suppose 0 = t - 5*l - 9, 0 = -n*t - 4*l + 10 + 6. What is r(t)?
1
Suppose 4*o = -l + 25, 9 = 5*o - 2*l - 6. Let a(h) = 4*h**2 + 17*h + 11. Let r(k) = -k**2 - k - 2. Let p(t) = o*r(t) + a(t). Give p(11).
12
Let l(a) = -2*a**3 - 70*a**2 - 5*a - 177. Let j be l(-35). Let p(b) = 43*b + 3. What is p(j)?
-83
Let m(a) = a**2 + 7*a + 3. Suppose 3*g - 69 = 3. Let s = -1314 - -1314. Suppose 3*l + l + g = s. Determine m(l).
-3
Suppose 5*f = -3*t - 11, -f = 4*t - 6*f + 38. Let q(d) be the second derivative of 7/6*d**3 + 1/12*d**4 - 12*d + 3/2*d**2 + 0. What is q(t)?
3
Let s(o) be the second derivative of -o**4/12 - o**3/2 - 2*o**2 + 1630*o. Determine s(-3).
-4
Let z(a) = -a**2 - 34*a - 201. Let h(f) = 3*f**3 - 24*f**2 + 16*f + 9. Let r be h(7). What is z(r)?
7
Let q(y) be the second derivative of y**6/720 + y**5/20 - y**4/3 - 6*y**2 - 2*y - 4. Let w(a) be the third derivative of q(a). Calculate w(-10).
-4
Let g(y) = 2*y + 25. Let s(c) = -c. Let n(v) = -g(v) - 3*s(v). Let z be n(13). Let h be (4 - 14/3)/(2/z). Let t(r) = -3*r - 3. Give t(h).
-15
Let i = -2389 + 2378. Let t(y) = -y**2 + y + 127. Calculate t(i).
-5
Let g(k) be the first derivative of -k**3/3 + 4*k**2 - 8*k - 1869. Give g(5).
7
Let g(y) be the first derivative of y**3/3 - 33*y**2/2 - 90*y - 6741. Give g(36).
18
Let r(z) = -3*z + 1. Let g(j) = -5*j + 3. Suppose 6*d = 3*d - 2*t + 15, 2*t - 1 = -d. Let w(v) = d*r(v) - 4*g(v). Give w(-5).
0
Let h(i) = -5*i + 31. Let k(d) = 3*d - 37. Let g(r) = -3*h(r) - 2*k(r). Determine g(4).
17
Let m be 136/12 + (-4)/(-6). Let t(q) = 13 - 7*q**2 - m - 8*q + 6*q**3 - 4*q**3 - q**3. What is t(8)?
1
Let b be ((-2)/4)/((-1)/14). Let f(w) = 140*w**2 + 122*w + 67. Let i(p) = 57*p**2 + 50*p + 27. Let s(n) = -11*f(n) + 27*i(n). Give s(b).
-1
Let k(u) = -5*u. Let d(f) = 2*f - 6. Let l be d(6). Suppose 0 = -2*s + 4*j + 4, -10*j = -3*s - 9*j + l. Give k(s).
-10
Suppose 0 = 12*d + 192 + 160 + 236. Let o(i) = i**3 + 48*i**2 - 51*i - 71. Calculate o(d).
27
Let k(h) = 10*h + 74. Suppose 0 = -4*p - 2*r - 20, -6*r = -4*p - 3*r - 40. What is k(p)?
4
Let i(o) = -57 + 15*o + 25*o + 23*o + 18*o - 87*o. Determine i(-9).
-3
Let u(j) = -4*j**2 - j - 2. Let r = 15 - 40. Let c be r/(-8 + 3) + -5. Suppose c = -0*z + 5*z - 10. What is u(z)?
-20
Let q(v) = 2*v - 1. Suppose 34 - 38 = -4*i. Let w be 5 - 51/9 - 28/(-6). Suppose -3*b = w*c - 10, -2*c + 5 = 2*b + i. Determine q(c).
7
Let t(h) = 7 - 155*h - 147*h - 147*h + 616*h - 155*h. Calculate t(8).
103
Let i(t) = t**2 + 9*t - 46. Let q be i(4). Let z be (54/q - 5) + -17. Let h(n) = -n**3 - 14*n*